{"id":1467,"date":"2020-08-18T18:31:18","date_gmt":"2020-08-18T16:31:18","guid":{"rendered":"https:\/\/www.amichai.de\/cms\/?page_id=1467"},"modified":"2023-09-05T07:51:16","modified_gmt":"2023-09-05T05:51:16","slug":"schmuck-deko-atelier","status":"publish","type":"page","link":"https:\/\/www.amichai.de\/cms\/chugim-ag\/schmuck-deko-atelier\/","title":{"rendered":"Schmuck &#038; Deko Atelier"},"content":{"rendered":"<p>Jeden Dienstag haben die Kinder im Alter von 5-9 Jahren die M\u00f6glichkeit mit unserem begabten und ausgezeichnetem K\u00fcnstler Solly Guigui selbstgebastelten Ketten, Armb\u00e4nder &#038; Ringe, personalisierte Aufbewahrungsboxen, Schl\u00fcsselanh\u00e4nger und Figuren ihre Kreativit\u00e4t ausleben. <\/p>\n<p><strong>Dienstag (5-9 Jahre): 16:00-17:00 Uhr<\/strong><\/p>\n<p><strong>Anmeldung unter:<\/strong><br \/>\nE-mail: <a href=\"mailto:amichai@jg-ffm.de\">amichai@jg-ffm.de<\/a><br \/>\nTel: 069 768 036 150<\/p>\n<div align=\"center\">\n<h3><a href=\"https:\/\/www.amichai.de\/cms\/wp-content\/uploads\/2025\/08\/chugim-anmeldeformular-2026.pdf\" target=\"_blank\" rel=\"noopener noreferrer\">Anmeldeformular HIER downloaden<\/a><\/h3>\n<\/div>\n","protected":false},"excerpt":{"rendered":"<p>Jeden Dienstag haben die Kinder im Alter von 5-9 Jahren die M\u00f6glichkeit mit unserem begabten und ausgezeichnetem K\u00fcnstler Solly Guigui selbstgebastelten Ketten, Armb\u00e4nder &#038; Ringe, personalisierte Aufbewahrungsboxen, Schl\u00fcsselanh\u00e4nger und Figuren ihre Kreativit\u00e4t ausleben. Dienstag (5-9 Jahre): 16:00-17:00 Uhr Anmeldung unter: E-mail: amichai@jg-ffm.de Tel: 069 768 036 150 Anmeldeformular HIER downloaden<\/p>\n","protected":false},"author":1,"featured_media":409,"parent":21,"menu_order":0,"comment_status":"closed","ping_status":"closed","template":"page-templates\/full-width-page.php","meta":{"ngg_post_thumbnail":0,"footnotes":""},"class_list":["post-1467","page","type-page","status-publish","has-post-thumbnail","hentry","with-featured-image"],"_links":{"self":[{"href":"https:\/\/www.amichai.de\/cms\/wp-json\/wp\/v2\/pages\/1467","targetHints":{"allow":["GET"]}}],"collection":[{"href":"https:\/\/www.amichai.de\/cms\/wp-json\/wp\/v2\/pages"}],"about":[{"href":"https:\/\/www.amichai.de\/cms\/wp-json\/wp\/v2\/types\/page"}],"author":[{"embeddable":true,"href":"https:\/\/www.amichai.de\/cms\/wp-json\/wp\/v2\/users\/1"}],"replies":[{"embeddable":true,"href":"https:\/\/www.amichai.de\/cms\/wp-json\/wp\/v2\/comments?post=1467"}],"version-history":[{"count":5,"href":"https:\/\/www.amichai.de\/cms\/wp-json\/wp\/v2\/pages\/1467\/revisions"}],"predecessor-version":[{"id":2013,"href":"https:\/\/www.amichai.de\/cms\/wp-json\/wp\/v2\/pages\/1467\/revisions\/2013"}],"up":[{"embeddable":true,"href":"https:\/\/www.amichai.de\/cms\/wp-json\/wp\/v2\/pages\/21"}],"wp:featuredmedia":[{"embeddable":true,"href":"https:\/\/www.amichai.de\/cms\/wp-json\/wp\/v2\/media\/409"}],"wp:attachment":[{"href":"https:\/\/www.amichai.de\/cms\/wp-json\/wp\/v2\/media?parent=1467"}],"curies":[{"name":"wp","href":"https:\/\/api.w.org\/{rel}","templated":true}]}}