{"id":33,"date":"2016-03-01T12:01:03","date_gmt":"2016-03-01T11:01:03","guid":{"rendered":"http:\/\/www.amichai.de\/cms\/?page_id=33"},"modified":"2025-10-01T10:42:12","modified_gmt":"2025-10-01T08:42:12","slug":"chug-schach","status":"publish","type":"page","link":"https:\/\/www.amichai.de\/cms\/chugim-ag\/chug-schach\/","title":{"rendered":"Chug Schach"},"content":{"rendered":"<p><strong>\u201cDas Leben ist eine Partie Schach.\u201d<\/strong><\/p>\n<p>Eine weitere Disziplin des Olympia Sports ist der Denksport Schach. Mit Spiel und Spa\u00df bringt Vladimir Gurevich Kindern im Alter von 6-15 Jahren die neusten Strategien und Z\u00fcge des Schachspielens bei.<\/p>\n<p>Der Chug Schach findet an den folgenden Terminen statt:<br \/>\nE1: 13:30-14:50<br \/>\nE2: 14:50-16:15<br \/>\nAnf\u00e4nger: 16:15-17:45<br \/>\nFortgeschritten: 17:45-19:30<br \/>\nErwachsene: 19:30-20:45<\/p>\n<p><strong>Anmeldung unter:<\/strong><br \/>\nE-mail: <a href=\"mailto:amichai@jg-ffm.de\">amichai@jg-ffm.de<\/a><br \/>\nTel: 069 768 036 150<\/p>\n<div align=\"center\">\n<h3><a href=\"https:\/\/www.amichai.de\/cms\/wp-content\/uploads\/2025\/08\/chugim-anmeldeformular-2026.pdf\" target=\"_blank\" rel=\"noopener noreferrer\">Anmeldeformular HIER downloaden<\/a><\/h3>\n<\/div>\n","protected":false},"excerpt":{"rendered":"<p>\u201cDas Leben ist eine Partie Schach.\u201d Eine weitere Disziplin des Olympia Sports ist der Denksport Schach. Mit Spiel und Spa\u00df bringt Vladimir Gurevich Kindern im Alter von 6-15 Jahren die neusten Strategien und Z\u00fcge des Schachspielens bei. Der Chug Schach findet an den folgenden Terminen statt: E1: 13:30-14:50 E2: 14:50-16:15 Anf\u00e4nger: 16:15-17:45 Fortgeschritten: 17:45-19:30 Erwachsene: [&hellip;]<\/p>\n","protected":false},"author":1,"featured_media":395,"parent":21,"menu_order":0,"comment_status":"closed","ping_status":"closed","template":"page-templates\/full-width-page.php","meta":{"ngg_post_thumbnail":0,"footnotes":""},"class_list":["post-33","page","type-page","status-publish","has-post-thumbnail","hentry","with-featured-image"],"_links":{"self":[{"href":"https:\/\/www.amichai.de\/cms\/wp-json\/wp\/v2\/pages\/33","targetHints":{"allow":["GET"]}}],"collection":[{"href":"https:\/\/www.amichai.de\/cms\/wp-json\/wp\/v2\/pages"}],"about":[{"href":"https:\/\/www.amichai.de\/cms\/wp-json\/wp\/v2\/types\/page"}],"author":[{"embeddable":true,"href":"https:\/\/www.amichai.de\/cms\/wp-json\/wp\/v2\/users\/1"}],"replies":[{"embeddable":true,"href":"https:\/\/www.amichai.de\/cms\/wp-json\/wp\/v2\/comments?post=33"}],"version-history":[{"count":15,"href":"https:\/\/www.amichai.de\/cms\/wp-json\/wp\/v2\/pages\/33\/revisions"}],"predecessor-version":[{"id":2353,"href":"https:\/\/www.amichai.de\/cms\/wp-json\/wp\/v2\/pages\/33\/revisions\/2353"}],"up":[{"embeddable":true,"href":"https:\/\/www.amichai.de\/cms\/wp-json\/wp\/v2\/pages\/21"}],"wp:featuredmedia":[{"embeddable":true,"href":"https:\/\/www.amichai.de\/cms\/wp-json\/wp\/v2\/media\/395"}],"wp:attachment":[{"href":"https:\/\/www.amichai.de\/cms\/wp-json\/wp\/v2\/media?parent=33"}],"curies":[{"name":"wp","href":"https:\/\/api.w.org\/{rel}","templated":true}]}}